c**3 - 3*c**2 + 3*c - 2. Let i(w) = w**2 + 3*w + 4. Let d be i(-3). Suppose 2*b - 14 = -2*b + 2*l, -b + d*l = -7. List the prime factors of z(b).
7
Let r = -12 + 49. List the prime factors of r.
37
Suppose -4*f - 2*f = -168. List the prime factors of f.
2, 7
Let i be (-6)/5*(-40)/6. Suppose -i = 4*o - 8*o. List the prime factors of o.
2
Let x(y) = -y + 10. Let p be x(5). Suppose s = -2*o + 5*s + 24, -4*s = -p*o + 30. Suppose -z + 21 = o*z. List the prime factors of z.
7
Let q(t) = -t**3 + t**2 + t + 5. Suppose 5*g = s - 5, 17 = 4*g + 4*s - 3. List the prime factors of q(g).
5
Let i = 28 + -14. Let g = 21 - i. What are the prime factors of g?
7
Suppose 0 = 3*t - 3*n - 129 - 138, 4*t - 376 = -n. What are the prime factors of t?
3, 31
Suppose -m - 3 = -4. Suppose -m - 2 = -s. Let q = s + -1. What are the prime factors of q?
2
List the prime factors of 0 - ((-1 - 59) + 0).
2, 3, 5
Let g = 19 + -13. What are the prime factors of g?
2, 3
Let y(d) = 7*d - 5. What are the prime factors of y(2)?
3
Let n be 282/30 - (-4)/(-10). Let d = -1 + 3. Suppose d*u = 3*u - n. List the prime factors of u.
3
Let j(d) = -5*d**2 - 2*d - 2. Let a be j(-2). Let k = a - -10. Let z = k - -15. What are the prime factors of z?
7
Let v be (1/2)/(1/2). What are the prime factors of ((-2)/4)/(v/(-6))?
3
Let s = -9 + 24. What are the prime factors of s?
3, 5
Let y = -12 - -5. List the prime factors of (-3 - y)*(-6)/(-8).
3
Let z be (-24)/(-2)*(-24)/18. Let i = 20 + z. What are the prime factors of i?
2
Let j(s) = -18*s - 10. What are the prime factors of j(-3)?
2, 11
Let k(p) = -2*p**2 + 34*p - 20. What are the prime factors of k(13)?
2, 3, 7
Let x be 6/(-4)*(-5 + 3). Suppose -40 = -x*m - 2*m. What are the prime factors of m?
2
Let y(q) = -q**2 + 7*q - 6. Let j be y(4). Let v = -1 + j. List the prime factors of v.
5
Let w be 0 + 0 + (2 - -14). Let f be 38/(-4) - 8/w. Let j = 3 - f. List the prime factors of j.
13
Let t(f) = -57*f + 2. Let o be t(-1). Let k = o - 28. List the prime factors of k.
31
Suppose 5*p = g - 51, -2*g + 3*p = -g - 43. Let m = -14 + g. List the prime factors of m.
17
List the prime factors of (-3672)/(-14) + 44/(-154).
2, 131
Let x = -36 - -103. List the prime factors of x.
67
Suppose -2*r - 2 = 10. Let g(b) = -b**3 - 10*b**2 - 12. Let s(q) = q**2 + q + 1. Let f(j) = r*s(j) - g(j). What are the prime factors of f(-5)?
11
List the prime factors of 4 + (-1 - 0) + 26.
29
Let t(b) be the second derivative of -b**4/12 + 5*b**3/3 + 13*b**2/2 + b. What are the prime factors of t(11)?
2
Suppose 0 = -2*o - x + 7, 21 = 3*o + 3*x + 2*x. List the prime factors of (-259)/14*-1*o.
37
Let x(b) = 4*b**2 + 8*b + 4. List the prime factors of x(-3).
2
Let k(m) = -m**2 + 6*m + 4. Let n be k(6). Suppose -n*x - 15 = -87. Suppose 4*f - x = 22. List the prime factors of f.
2, 5
Suppose 23*n - 28*n + 235 = 0. What are the prime factors of n?
47
Let y(k) = -k**3 - k**2 + 2. List the prime factors of y(-3).
2, 5
Suppose 2*k = -0 + 34. Let f = 12 + k. Suppose 0 = 3*w - f - 13. List the prime factors of w.
2, 7
Let c(g) = -3*g**2 + 12*g - 5. Let x(k) = -k**2 + k - 1. Let a(l) = c(l) - 5*x(l). List the prime factors of a(-5).
3, 5
Let r = -2 + -7. Let a = -3 - r. List the prime factors of a.
2, 3
Let o be 1 - (-3 + 0 + 0). Suppose o*v - 8*v = -120. List the prime factors of v.
2, 3, 5
Suppose 7*o - 216 = 4*o. List the prime factors of o.
2, 3
Let x(h) = -h**3 - 3*h**2 + 7*h + 6. Let r be x(-4). Let t(l) = -2*l - 6. What are the prime factors of t(r)?
2, 3
Let q be (-2)/(-3) - (-15)/(-9). Let v be -20*(-1 + 0/q). Suppose 5*g = v + 5. What are the prime factors of g?
5
Let a be 9/4 + 2/(-8). Let n be a - (0 + 2)*1. Suppose n = -0*c + c - 10. List the prime factors of c.
2, 5
List the prime factors of -2 + (-1 + 2)*76.
2, 37
Suppose 5*p = -3*w - 39, -2*w = -2*p - w - 9. Let o be 6/(-1*p/4). Suppose 5*k = -4*i + 32, 2*k - 4 = -i + o. What are the prime factors of i?
2
Let r(w) = -w**3 - 2*w**2 + 3*w + 4. Let p be r(-3). Suppose -12 = 4*f + p. What are the prime factors of 8/(-6)*30/f?
2, 5
Let p be (-3 + 11)/(-2)*-1. Suppose p = v - 0*v. Suppose 0 = -v*c + 20 + 52. List the prime factors of c.
2, 3
Suppose a - 2*p + 3 = 0, -3*p = -4*p + 3. Suppose 2*s - 26 = -2. Suppose -i + a = -s. What are the prime factors of i?
3, 5
Let d be (224/35)/(2/(-10)). Let c = -16 - d. What are the prime factors of c?
2
Let s(d) = -d**2 + 9*d + 1. Let b = 1 - -7. List the prime factors of s(b).
3
Let g = -332 - -555. What are the prime factors of g?
223
List the prime factors of -1 - -1*(-1 - -35).
3, 11
Let f(k) = -k**2 + 3*k. Let d(l) = -3*l**2 + 7*l - 1. Let p(n) = -2*d(n) + 5*f(n). Suppose 0 = -5*b + 3*v - 13, -3 = -4*v + 1. List the prime factors of p(b).
2
List the prime factors of (-96)/12*38/(-8).
2, 19
Suppose 0 = -2*y - l + 7, 4*l - 13 = -2*y - y. Let m(d) = -d**2 + d. Let w be m(y). List the prime factors of (-66)/(-9)*(-9)/w.
11
Suppose -28*t = -33*t + 1670. List the prime factors of t.
2, 167
Let j = 8 + -14. Let p be j*(1 - 3)/4. List the prime factors of p/(-2)*(-40)/15.
2
Let m(c) = c**3 - 7*c**2 + c - 9. Let h be m(7). What are the prime factors of (-256)/(-10) - h/5?
2, 13
Suppose 5*w - 2*j - 106 - 30 = 0, w - 41 = 5*j. List the prime factors of w.
2, 13
Suppose 0*z - 2*z = 3*h - 10, -3*h + 8 = 4*z. Let t = h - 2. Suppose 0 = -0*s - t*s + 4*b, 20 = 4*s - 3*b. List the prime factors of s.
2
Let h(k) = -k**3 + 7*k**2 - 3*k - 3. Let r be h(6). What are the prime factors of (-2 - (-18)/r)*-10?
2
Let i = 49 + -83. Let j = i + 56. List the prime factors of j.
2, 11
Suppose -5*w - 168 = -448. What are the prime factors of w?
2, 7
Let d(t) = -t**3 + 7*t**2 + 2*t - 8. List the prime factors of d(5).
2, 13
Suppose -4*a + 3 = 5*p - 239, a = p - 43. List the prime factors of p.
2, 23
Let z = 12 - 16. Let q = -16 - 3. What are the prime factors of z/12 - q/3?
2, 3
Suppose 5*f - 30 - 95 = 0. Suppose -5*b + f + 75 = 0. What are the prime factors of b?
2, 5
Suppose -n = 3*n + v - 1200, -2*n + 3*v = -586. List the prime factors of n.
13, 23
Let a = 8 - 10. Let v(f) = f**3 + 3*f**2 - 2. What are the prime factors of v(a)?
2
Suppose -145 = -5*j - 2*m - 2*m, 4*j = -2*m + 110. List the prime factors of j.
5
Suppose 59 = 3*x + 5*q - q, q + 32 = 2*x. What are the prime factors of x?
17
Suppose -4*z = -0*z - 76. List the prime factors of z.
19
Let x(a) = -a**3 - 10*a**2 - 4*a - 18. Let t be 15/(-20) - 37/4. List the prime factors of x(t).
2, 11
Suppose -3*m + 4*m = 18. List the prime factors of m.
2, 3
Let u be ((-1)/(-1) + -1)/2. Suppose l - 5*l + 92 = u. What are the prime factors of l?
23
Suppose 0*y - 5*y - 3*n = -528, 0 = -4*y - 4*n + 416. List the prime factors of y.
2, 3
Let j = -3 - -5. Let o(u) = 0*u + u + u**j + 1 + 7*u**2. What are the prime factors of o(-1)?
2
Let o(m) = -3*m + 2*m + 0*m - m**2 + 8. Let x be (-6)/(-21) + (-8)/28. List the prime factors of o(x).
2
Let b(f) = -f**2 + 8*f + 2. Let y be b(6). Let j be y/(0 + 2 + 0). Suppose -2*p = -j*p + 10. List the prime factors of p.
2
Suppose -u + 1 = j, j - u = 3 + 2. Suppose 0*q + q = j. What are the prime factors of q?
3
What are the prime factors of (-19)/(-7) - (-16)/56?
3
Suppose 23*j - 381 = 20*j. What are the prime factors of j?
127
Suppose 0 = 3*y - 101 - 55. What are the prime factors of y?
2, 13
Suppose -3*r + 21 - 4 = 2*f, 11 = 2*f - 3*r. What are the prime factors of f?
7
Let q(g) = -g**3 + g**2 + 11. Suppose 0 = 3*h + h. List the prime factors of q(h).
11
Suppose -20 = -5*x, 3*s = -4*x + 3*x + 34. List the prime factors of s.
2, 5
Let r(n) be the first derivative of -n**4/4 - 2*n**3 + 3*n**2/2 + 2. Let d be r(-7). Let l = d + -20. What are the prime factors of l?
2
Let o be 10/6 - 6/(-18). Let i(u) = u**3 + 2*u. What are the prime factors of i(o)?
2, 3
Suppose -n + 190 = 5*u, n - 190 = -5*u - 3*n. What are the prime factors of u?
2, 19
Suppose 5*n = 175 + 55. List the prime factors of n.
2, 23
Let y = 43 + -28. List the prime factors of y.
3, 5
Let d be 3*2*(-3)/(-6). Suppose 0 = a - 4*a + d. Suppose 2*r + m = 5, -5*r = -3*r + 5*m - a. What are the prime factors of r?
3
Let z be 1/(-7) - 64/(-7). Let c = -1 - z. Let u = 3 - c. What are the prime factors of u?
13
Suppose 4*k - 8*k + p = 1, 0 = -5*k - 3*p + 3. Suppose -5*g + 50 = -k*g. 